{"id":10629,"date":"2017-08-09T17:23:03","date_gmt":"2017-08-09T17:23:03","guid":{"rendered":"http:\/\/www.erreelleitalia.com\/prestige-styling-iper-strong-hair-wax\/"},"modified":"2018-10-18T14:24:44","modified_gmt":"2018-10-18T14:24:44","slug":"prestige-styling-iper-strong-hair-wax","status":"publish","type":"page","link":"https:\/\/www.erreelleitalia.com\/fr\/brands\/prestige\/prestige-styling\/prestige-styling-iper-strong-hair-wax\/","title":{"rendered":"Prestige Styling Cera per capelli Iper Strong"},"content":{"rendered":"[vc_row type=\u00a0\u00bbfull_width_background\u00a0\u00bb full_screen_row_position=\u00a0\u00bbmiddle\u00a0\u00bb equal_height=\u00a0\u00bbyes\u00a0\u00bb content_placement=\u00a0\u00bbmiddle\u00a0\u00bb bg_color=\u00a0\u00bb#444444&Prime; scene_position=\u00a0\u00bbcenter\u00a0\u00bb text_color=\u00a0\u00bblight\u00a0\u00bb text_align=\u00a0\u00bbleft\u00a0\u00bb top_padding=\u00a0\u00bb7%\u00a0\u00bb bottom_padding=\u00a0\u00bb7%\u00a0\u00bb overlay_strength=\u00a0\u00bb0.3&Prime; shape_divider_position=\u00a0\u00bbbottom\u00a0\u00bb][vc_column column_padding=\u00a0\u00bbno-extra-padding\u00a0\u00bb column_padding_position=\u00a0\u00bball\u00a0\u00bb background_color_opacity=\u00a0\u00bb1&Prime; background_hover_color_opacity=\u00a0\u00bb1&Prime; column_shadow=\u00a0\u00bbnone\u00a0\u00bb column_border_radius=\u00a0\u00bbnone\u00a0\u00bb width=\u00a0\u00bb1\/2&Prime; tablet_text_alignment=\u00a0\u00bbdefault\u00a0\u00bb phone_text_alignment=\u00a0\u00bbdefault\u00a0\u00bb column_border_width=\u00a0\u00bbnone\u00a0\u00bb column_border_style=\u00a0\u00bbsolid\u00a0\u00bb][image_with_animation image_url=\u00a0\u00bb11090&Prime; alignment=\u00a0\u00bb\u00a0\u00bb animation=\u00a0\u00bbFade In\u00a0\u00bb border_radius=\u00a0\u00bbnone\u00a0\u00bb box_shadow=\u00a0\u00bbx_large_depth\u00a0\u00bb max_width=\u00a0\u00bb100%\u00a0\u00bb][\/vc_column][vc_column column_padding=\u00a0\u00bbpadding-6-percent\u00a0\u00bb column_padding_position=\u00a0\u00bball\u00a0\u00bb background_color_opacity=\u00a0\u00bb1&Prime; background_hover_color_opacity=\u00a0\u00bb1&Prime; column_shadow=\u00a0\u00bbnone\u00a0\u00bb column_border_radius=\u00a0\u00bbnone\u00a0\u00bb width=\u00a0\u00bb1\/2&Prime; tablet_text_alignment=\u00a0\u00bbdefault\u00a0\u00bb phone_text_alignment=\u00a0\u00bbdefault\u00a0\u00bb column_border_width=\u00a0\u00bbnone\u00a0\u00bb column_border_style=\u00a0\u00bbsolid\u00a0\u00bb][vc_custom_heading text=\u00a0\u00bbPrestige Styling\u00a0\u00bb font_container=\u00a0\u00bbtag:h5|text_align:left|color:rgba(255%2C255%2C255%2C0.6)\u00a0\u00bb use_theme_fonts=\u00a0\u00bbyes\u00a0\u00bb css=\u00a0\u00bb.vc_custom_1502297970283{margin-bottom: 10px !important;}\u00a0\u00bb][vc_custom_heading text=\u00a0\u00bb Cire pour les cheveux Iper Strong\u00a0\u00bb font_container=\u00a0\u00bbtag:h2|font_size:40|text_align:left|line_height:50px\u00a0\u00bb use_theme_fonts=\u00a0\u00bbyes\u00a0\u00bb][vc_column_text css=\u00a0\u00bb.vc_custom_1513874910907{margin-top: 30px !important;margin-bottom: 30px !important;}\u00a0\u00bb]\n<div id=\"gt-langs\">\n<div id=\"gt-lang-right\" class=\"goog-inline-block\">\n<div id=\"gt-lang-submit\"><span class=\"\">La cire pour les cheveux Iper Strong a \u00e9t\u00e9 cr\u00e9\u00e9e pour modeler l&rsquo;apparence des jeunes et extr\u00eame avec un joint fixatif \u00e9lev\u00e9.<\/span>\u00a0Sculpte p<span class=\"\">arfaitement les cheveux courts et donne un effet lisse extraordinaire aux cheveux longs.<\/span><\/div>\n<\/div>\n<\/div>\n[\/vc_column_text][vc_custom_heading text=\u00a0\u00bbFormat\u00a0\u00bb font_container=\u00a0\u00bbtag:h5|text_align:left|color:rgba(255%2C255%2C255%2C0.6)\u00a0\u00bb use_theme_fonts=\u00a0\u00bbyes\u00a0\u00bb css=\u00a0\u00bb.vc_custom_1513874849651{margin-bottom: 10px !important;}\u00a0\u00bb][vc_column_text]Pot de 100 ml[\/vc_column_text][divider line_type=\u00a0\u00bbNo Line\u00a0\u00bb custom_height=\u00a0\u00bb30&Prime;][vc_custom_heading text=\u00a0\u00bbMode d&#8217;emploi\u00a0\u00bb font_container=\u00a0\u00bbtag:h5|text_align:left|color:rgba(255%2C255%2C255%2C0.6)\u00a0\u00bb use_theme_fonts=\u00a0\u00bbyes\u00a0\u00bb css=\u00a0\u00bb.vc_custom_1513874980135{margin-bottom: 10px !important;}\u00a0\u00bb][vc_column_text]Travailler avec vos mains une petite quantit\u00e9 de cire, appliquer uniform\u00e9ment sur cheveux humides ou secs et ensuite proc\u00e9der \u00e0 la d\u00e9finition de la coiffure souhait\u00e9e.[\/vc_column_text][divider line_type=\u00a0\u00bbNo Line\u00a0\u00bb custom_height=\u00a0\u00bb50&Prime;][social_buttons full_width_icons=\u00a0\u00bbtrue\u00a0\u00bb nectar_love=\u00a0\u00bbtrue\u00a0\u00bb facebook=\u00a0\u00bbtrue\u00a0\u00bb google_plus=\u00a0\u00bbtrue\u00a0\u00bb linkedin=\u00a0\u00bbtrue\u00a0\u00bb][\/vc_column][\/vc_row]\n","protected":false},"excerpt":{"rendered":"<p>[vc_row type=\u00a0\u00bbfull_width_background\u00a0\u00bb full_screen_row_position=\u00a0\u00bbmiddle\u00a0\u00bb equal_height=\u00a0\u00bbyes\u00a0\u00bb content_placement=\u00a0\u00bbmiddle\u00a0\u00bb bg_color=\u00a0\u00bb#444444&Prime; scene_position=\u00a0\u00bbcenter\u00a0\u00bb text_color=\u00a0\u00bblight\u00a0\u00bb text_align=\u00a0\u00bbleft\u00a0\u00bb top_padding=\u00a0\u00bb7%\u00a0\u00bb bottom_padding=\u00a0\u00bb7%\u00a0\u00bb overlay_strength=\u00a0\u00bb0.3&Prime; shape_divider_position=\u00a0\u00bbbottom\u00a0\u00bb][vc_column column_padding=\u00a0\u00bbno-extra-padding\u00a0\u00bb column_padding_position=\u00a0\u00bball\u00a0\u00bb&#8230;<\/p>\n","protected":false},"author":1,"featured_media":0,"parent":10680,"menu_order":0,"comment_status":"closed","ping_status":"closed","template":"","meta":[],"_links":{"self":[{"href":"https:\/\/www.erreelleitalia.com\/fr\/wp-json\/wp\/v2\/pages\/10629"}],"collection":[{"href":"https:\/\/www.erreelleitalia.com\/fr\/wp-json\/wp\/v2\/pages"}],"about":[{"href":"https:\/\/www.erreelleitalia.com\/fr\/wp-json\/wp\/v2\/types\/page"}],"author":[{"embeddable":true,"href":"https:\/\/www.erreelleitalia.com\/fr\/wp-json\/wp\/v2\/users\/1"}],"replies":[{"embeddable":true,"href":"https:\/\/www.erreelleitalia.com\/fr\/wp-json\/wp\/v2\/comments?post=10629"}],"version-history":[{"count":0,"href":"https:\/\/www.erreelleitalia.com\/fr\/wp-json\/wp\/v2\/pages\/10629\/revisions"}],"up":[{"embeddable":true,"href":"https:\/\/www.erreelleitalia.com\/fr\/wp-json\/wp\/v2\/pages\/10680"}],"wp:attachment":[{"href":"https:\/\/www.erreelleitalia.com\/fr\/wp-json\/wp\/v2\/media?parent=10629"}],"curies":[{"name":"wp","href":"https:\/\/api.w.org\/{rel}","templated":true}]}}

[vc_row type= »full_width_background » full_screen_row_position= »middle » equal_height= »yes » content_placement= »middle » bg_color= »#444444&Prime; scene_position= »center » text_color= »light » text_align= »left » top_padding= »7% » bottom_padding= »7% » overlay_strength= »0.3&Prime; shape_divider_position= »bottom »][vc_column column_padding= »no-extra-padding » column_padding_position= »all » background_color_opacity= »1&Prime; background_hover_color_opacity= »1&Prime; column_shadow= »none » column_border_radius= »none » width= »1/2&Prime; tablet_text_alignment= »default » phone_text_alignment= »default » column_border_width= »none » column_border_style= »solid »][image_with_animation image_url= »11090&Prime; alignment= » » animation= »Fade In » border_radius= »none » box_shadow= »x_large_depth » max_width= »100% »][/vc_column][vc_column column_padding= »padding-6-percent » column_padding_position= »all » background_color_opacity= »1&Prime; background_hover_color_opacity= »1&Prime; column_shadow= »none » column_border_radius= »none » width= »1/2&Prime; tablet_text_alignment= »default » phone_text_alignment= »default » column_border_width= »none » column_border_style= »solid »][vc_custom_heading text= »Prestige Styling » font_container= »tag:h5|text_align:left|color:rgba(255%2C255%2C255%2C0.6) » use_theme_fonts= »yes » css= ».vc_custom_1502297970283{margin-bottom: 10px !important;} »][vc_custom_heading text= » Cire pour les cheveux Iper Strong » font_container= »tag:h2|font_size:40|text_align:left|line_height:50px » use_theme_fonts= »yes »][vc_column_text css= ».vc_custom_1513874910907{margin-top: 30px !important;margin-bottom: 30px !important;} »]
<div id="gt-langs">
<div id="gt-lang-right" class="goog-inline-block">
<div id="gt-lang-submit"><span class="">La cire pour les cheveux Iper Strong a été créée pour modeler l&rsquo;apparence des jeunes et extrême avec un joint fixatif élevé.</span> Sculpte p<span class="">arfaitement les cheveux courts et donne un effet lisse extraordinaire aux cheveux longs.</span></div>
</div>
</div>
[/vc_column_text][vc_custom_heading text= »Format » font_container= »tag:h5|text_align:left|color:rgba(255%2C255%2C255%2C0.6) » use_theme_fonts= »yes » css= ».vc_custom_1513874849651{margin-bottom: 10px !important;} »][vc_column_text]Pot de 100 ml[/vc_column_text][divider line_type= »No Line » custom_height= »30&Prime;][vc_custom_heading text= »Mode d&#8217;emploi » font_container= »tag:h5|text_align:left|color:rgba(255%2C255%2C255%2C0.6) » use_theme_fonts= »yes » css= ».vc_custom_1513874980135{margin-bottom: 10px !important;} »][vc_column_text]Travailler avec vos mains une petite quantité de cire, appliquer uniformément sur cheveux humides ou secs et ensuite procéder à la définition de la coiffure souhaitée.[/vc_column_text][divider line_type= »No Line » custom_height= »50&Prime;][social_buttons full_width_icons= »true » nectar_love= »true » facebook= »true » google_plus= »true » linkedin= »true »][/vc_column][/vc_row]
