{"id":9266,"date":"2017-08-09T13:51:39","date_gmt":"2017-08-09T13:51:39","guid":{"rendered":"http:\/\/www.erreelleitalia.com\/?page_id=9266"},"modified":"2020-10-27T10:39:43","modified_gmt":"2020-10-27T10:39:43","slug":"prestige-mascarilla-con-aceite-de-argan","status":"publish","type":"page","link":"https:\/\/www.erreelleitalia.com\/es\/brands\/prestige\/prestige-nature\/prestige-mascarilla-con-aceite-de-argan\/","title":{"rendered":"Prestige Mascarilla con Aceite de Arg\u00e1n"},"content":{"rendered":"[vc_row type=\u00bbfull_width_background\u00bb full_screen_row_position=\u00bbmiddle\u00bb equal_height=\u00bbyes\u00bb content_placement=\u00bbmiddle\u00bb bg_color=\u00bb#a58647&#8243; scene_position=\u00bbcenter\u00bb text_color=\u00bblight\u00bb text_align=\u00bbleft\u00bb top_padding=\u00bb7%\u00bb bottom_padding=\u00bb7%\u00bb overlay_strength=\u00bb0.3&#8243; shape_divider_position=\u00bbbottom\u00bb bg_image_animation=\u00bbnone\u00bb shape_type=\u00bb\u00bb][vc_column column_padding=\u00bbno-extra-padding\u00bb column_padding_position=\u00bball\u00bb background_color_opacity=\u00bb1&#8243; background_hover_color_opacity=\u00bb1&#8243; column_link_target=\u00bb_self\u00bb column_shadow=\u00bbnone\u00bb column_border_radius=\u00bbnone\u00bb width=\u00bb1\/2&#8243; tablet_width_inherit=\u00bbdefault\u00bb tablet_text_alignment=\u00bbdefault\u00bb phone_text_alignment=\u00bbdefault\u00bb column_border_width=\u00bbnone\u00bb column_border_style=\u00bbsolid\u00bb bg_image_animation=\u00bbnone\u00bb][image_with_animation image_url=\u00bb18063&#8243; alignment=\u00bb\u00bb animation=\u00bbFade In\u00bb border_radius=\u00bbnone\u00bb box_shadow=\u00bbx_large_depth\u00bb max_width=\u00bb100%\u00bb][\/vc_column][vc_column column_padding=\u00bbpadding-6-percent\u00bb column_padding_position=\u00bball\u00bb background_color_opacity=\u00bb1&#8243; background_hover_color_opacity=\u00bb1&#8243; column_link_target=\u00bb_self\u00bb column_shadow=\u00bbnone\u00bb column_border_radius=\u00bbnone\u00bb width=\u00bb1\/2&#8243; tablet_width_inherit=\u00bbdefault\u00bb tablet_text_alignment=\u00bbdefault\u00bb phone_text_alignment=\u00bbdefault\u00bb column_border_width=\u00bbnone\u00bb column_border_style=\u00bbsolid\u00bb bg_image_animation=\u00bbnone\u00bb][vc_custom_heading text=\u00bbPrestige Nature\u00bb font_container=\u00bbtag:h5|text_align:left|color:rgba(255%2C255%2C255%2C0.6)\u00bb use_theme_fonts=\u00bbyes\u00bb css=\u00bb.vc_custom_1502286623960{margin-bottom: 10px !important;}\u00bb][vc_custom_heading text=\u00bbMascarilla con Aceite de Arg\u00e1n\u00bb font_container=\u00bbtag:h2|font_size:40|text_align:left|line_height:50px\u00bb use_theme_fonts=\u00bbyes\u00bb][vc_column_text css=\u00bb.vc_custom_1508775248457{margin-top: 30px !important;margin-bottom: 30px !important;}\u00bb]M\u00e1scara capilar con los ingredientes activos del Aceite de Arg\u00e1n. Nutre y restaura profundamente el cabello debilitado y da\u00f1ado desde las ra\u00edces hasta las puntas, devolvi\u00e9ndole a su belleza original.[\/vc_column_text][vc_custom_heading text=\u00bbTama\u00f1o\u00bb font_container=\u00bbtag:h5|text_align:left|color:rgba(255%2C255%2C255%2C0.6)\u00bb use_theme_fonts=\u00bbyes\u00bb css=\u00bb.vc_custom_1508775332282{margin-bottom: 10px !important;}\u00bb][vc_column_text]Tubo de 250 ml<br \/>\nEnvase de 1000 ml[\/vc_column_text][divider line_type=\u00bbNo Line\u00bb custom_height=\u00bb30&#8243;][vc_custom_heading text=\u00bbModo de uso\u00bb font_container=\u00bbtag:h5|text_align:left|color:rgba(255%2C255%2C255%2C0.6)\u00bb use_theme_fonts=\u00bbyes\u00bb css=\u00bb.vc_custom_1508775525593{margin-bottom: 10px !important;}\u00bb][vc_column_text]Masajear sobre el cabello mojado y dejar actuar por unos minutos antes de enjuagar.[\/vc_column_text][divider line_type=\u00bbNo Line\u00bb custom_height=\u00bb50&#8243;][social_buttons full_width_icons=\u00bbtrue\u00bb nectar_love=\u00bbtrue\u00bb facebook=\u00bbtrue\u00bb google_plus=\u00bbtrue\u00bb linkedin=\u00bbtrue\u00bb][\/vc_column][\/vc_row]\n","protected":false},"excerpt":{"rendered":"<p>[vc_row type=\u00bbfull_width_background\u00bb full_screen_row_position=\u00bbmiddle\u00bb equal_height=\u00bbyes\u00bb content_placement=\u00bbmiddle\u00bb bg_color=\u00bb#a58647&#8243; scene_position=\u00bbcenter\u00bb text_color=\u00bblight\u00bb text_align=\u00bbleft\u00bb top_padding=\u00bb7%\u00bb bottom_padding=\u00bb7%\u00bb overlay_strength=\u00bb0.3&#8243; shape_divider_position=\u00bbbottom\u00bb bg_image_animation=\u00bbnone\u00bb shape_type=\u00bb\u00bb][vc_column&#8230;<\/p>\n","protected":false},"author":1,"featured_media":0,"parent":8415,"menu_order":0,"comment_status":"closed","ping_status":"closed","template":"","meta":[],"_links":{"self":[{"href":"https:\/\/www.erreelleitalia.com\/es\/wp-json\/wp\/v2\/pages\/9266"}],"collection":[{"href":"https:\/\/www.erreelleitalia.com\/es\/wp-json\/wp\/v2\/pages"}],"about":[{"href":"https:\/\/www.erreelleitalia.com\/es\/wp-json\/wp\/v2\/types\/page"}],"author":[{"embeddable":true,"href":"https:\/\/www.erreelleitalia.com\/es\/wp-json\/wp\/v2\/users\/1"}],"replies":[{"embeddable":true,"href":"https:\/\/www.erreelleitalia.com\/es\/wp-json\/wp\/v2\/comments?post=9266"}],"version-history":[{"count":2,"href":"https:\/\/www.erreelleitalia.com\/es\/wp-json\/wp\/v2\/pages\/9266\/revisions"}],"predecessor-version":[{"id":18310,"href":"https:\/\/www.erreelleitalia.com\/es\/wp-json\/wp\/v2\/pages\/9266\/revisions\/18310"}],"up":[{"embeddable":true,"href":"https:\/\/www.erreelleitalia.com\/es\/wp-json\/wp\/v2\/pages\/8415"}],"wp:attachment":[{"href":"https:\/\/www.erreelleitalia.com\/es\/wp-json\/wp\/v2\/media?parent=9266"}],"curies":[{"name":"wp","href":"https:\/\/api.w.org\/{rel}","templated":true}]}}

Prestige Mascarilla con Aceite de Argán

[vc_row type=»full_width_background» full_screen_row_position=»middle» equal_height=»yes» content_placement=»middle» bg_color=»#a58647&#8243; scene_position=»center» text_color=»light» text_align=»left» top_padding=»7%» bottom_padding=»7%» overlay_strength=»0.3&#8243; shape_divider_position=»bottom» bg_image_animation=»none» shape_type=»»][vc_column column_padding=»no-extra-padding» column_padding_position=»all» background_color_opacity=»1&#8243; background_hover_color_opacity=»1&#8243; column_link_target=»_self» column_shadow=»none» column_border_radius=»none» width=»1/2&#8243; tablet_width_inherit=»default» tablet_text_alignment=»default» phone_text_alignment=»default» column_border_width=»none» column_border_style=»solid» bg_image_animation=»none»][image_with_animation image_url=»18063&#8243; alignment=»» animation=»Fade In» border_radius=»none» box_shadow=»x_large_depth» max_width=»100%»][/vc_column][vc_column column_padding=»padding-6-percent» column_padding_position=»all» background_color_opacity=»1&#8243; background_hover_color_opacity=»1&#8243; column_link_target=»_self» column_shadow=»none» column_border_radius=»none» width=»1/2&#8243; tablet_width_inherit=»default» tablet_text_alignment=»default» phone_text_alignment=»default» column_border_width=»none» column_border_style=»solid» bg_image_animation=»none»][vc_custom_heading text=»Prestige Nature» font_container=»tag:h5|text_align:left|color:rgba(255%2C255%2C255%2C0.6)» use_theme_fonts=»yes» css=».vc_custom_1502286623960{margin-bottom: 10px !important;}»][vc_custom_heading text=»Mascarilla con Aceite de Argán» font_container=»tag:h2|font_size:40|text_align:left|line_height:50px» use_theme_fonts=»yes»][vc_column_text css=».vc_custom_1508775248457{margin-top: 30px !important;margin-bottom: 30px !important;}»]Máscara capilar con los ingredientes activos del Aceite de Argán. Nutre y restaura profundamente el cabello debilitado y dañado desde las raíces hasta las puntas, devolviéndole a su belleza original.[/vc_column_text][vc_custom_heading text=»Tamaño» font_container=»tag:h5|text_align:left|color:rgba(255%2C255%2C255%2C0.6)» use_theme_fonts=»yes» css=».vc_custom_1508775332282{margin-bottom: 10px !important;}»][vc_column_text]Tubo de 250 ml<br />
Envase de 1000 ml[/vc_column_text][divider line_type=»No Line» custom_height=»30&#8243;][vc_custom_heading text=»Modo de uso» font_container=»tag:h5|text_align:left|color:rgba(255%2C255%2C255%2C0.6)» use_theme_fonts=»yes» css=».vc_custom_1508775525593{margin-bottom: 10px !important;}»][vc_column_text]Masajear sobre el cabello mojado y dejar actuar por unos minutos antes de enjuagar.[/vc_column_text][divider line_type=»No Line» custom_height=»50&#8243;][social_buttons full_width_icons=»true» nectar_love=»true» facebook=»true» google_plus=»true» linkedin=»true»][/vc_column][/vc_row]
