{"id":9081,"date":"2017-08-08T23:27:06","date_gmt":"2017-08-08T23:27:06","guid":{"rendered":"http:\/\/www.erreelleitalia.com\/?page_id=9081"},"modified":"2020-01-07T09:43:40","modified_gmt":"2020-01-07T09:43:40","slug":"prestige-decolorante-azul","status":"publish","type":"page","link":"https:\/\/www.erreelleitalia.com\/es\/brands\/prestige\/prestige-tecnic\/prestige-decolorante-azul\/","title":{"rendered":"Prestige Decolorante Azul"},"content":{"rendered":"[vc_row type=\u00bbfull_width_background\u00bb full_screen_row_position=\u00bbmiddle\u00bb equal_height=\u00bbyes\u00bb content_placement=\u00bbmiddle\u00bb bg_color=\u00bb#ac579c\u00bb scene_position=\u00bbcenter\u00bb text_color=\u00bblight\u00bb text_align=\u00bbleft\u00bb top_padding=\u00bb7%\u00bb bottom_padding=\u00bb7%\u00bb overlay_strength=\u00bb0.3&#8243; shape_divider_position=\u00bbbottom\u00bb bg_image_animation=\u00bbnone\u00bb][vc_column column_padding=\u00bbno-extra-padding\u00bb column_padding_position=\u00bball\u00bb background_color_opacity=\u00bb1&#8243; background_hover_color_opacity=\u00bb1&#8243; column_link_target=\u00bb_self\u00bb column_shadow=\u00bbnone\u00bb column_border_radius=\u00bbnone\u00bb width=\u00bb1\/2&#8243; tablet_width_inherit=\u00bbdefault\u00bb tablet_text_alignment=\u00bbdefault\u00bb phone_text_alignment=\u00bbdefault\u00bb column_border_width=\u00bbnone\u00bb column_border_style=\u00bbsolid\u00bb bg_image_animation=\u00bbnone\u00bb][image_with_animation image_url=\u00bb12284&#8243; alignment=\u00bb\u00bb animation=\u00bbFade In\u00bb border_radius=\u00bbnone\u00bb box_shadow=\u00bbx_large_depth\u00bb max_width=\u00bb100%\u00bb][image_with_animation image_url=\u00bb17282&#8243; alignment=\u00bb\u00bb animation=\u00bbFade In\u00bb border_radius=\u00bbnone\u00bb box_shadow=\u00bbx_large_depth\u00bb max_width=\u00bb100%\u00bb][\/vc_column][vc_column column_padding=\u00bbpadding-6-percent\u00bb column_padding_position=\u00bball\u00bb background_color_opacity=\u00bb1&#8243; background_hover_color_opacity=\u00bb1&#8243; column_link_target=\u00bb_self\u00bb column_shadow=\u00bbnone\u00bb column_border_radius=\u00bbnone\u00bb width=\u00bb1\/2&#8243; tablet_width_inherit=\u00bbdefault\u00bb tablet_text_alignment=\u00bbdefault\u00bb phone_text_alignment=\u00bbdefault\u00bb column_border_width=\u00bbnone\u00bb column_border_style=\u00bbsolid\u00bb bg_image_animation=\u00bbnone\u00bb][vc_custom_heading text=\u00bbPrestige Tecnic\u00bb font_container=\u00bbtag:h5|text_align:left|color:rgba(255%2C255%2C255%2C0.6)\u00bb use_theme_fonts=\u00bbyes\u00bb css=\u00bb.vc_custom_1502286805805{margin-bottom: 10px !important;}\u00bb][vc_custom_heading text=\u00bbDecolorante Azul y Violeta\u00bb font_container=\u00bbtag:h2|font_size:40|text_align:left|line_height:50px\u00bb use_theme_fonts=\u00bbyes\u00bb][vc_column_text css=\u00bb.vc_custom_1578393840263{margin-top: 30px !important;margin-bottom: 30px !important;}\u00bb]Polvo blanqueador azul y Violeta, con alto poder de aclarado, con oligosac\u00e1ridos de \u00dfeta-D-fructosa que act\u00faan durante el proceso de aclarado y protegen el cabello. F\u00e1cil de mezclar, no se agrupa, no gotea y no se hincha. Su f\u00f3rmula compacta evita la inhalaci\u00f3n de part\u00edculas vol\u00e1tiles. Act\u00faa con la m\u00e1xima seguridad y es adecuado para todas las t\u00e9cnicas de aclarado (rayas, insolaciones, balayages y shatush) y para todo tipo de aplicaciones (papel de aluminio, gorro, peine, etc.). Permite obtener el m\u00e1ximo blanqueo de forma gradual y uniforme. Proporci\u00f3n de mezcla 1:2.[\/vc_column_text][vc_custom_heading text=\u00bbTama\u00f1o\u00bb font_container=\u00bbtag:h5|text_align:left|color:rgba(255%2C255%2C255%2C0.6)\u00bb use_theme_fonts=\u00bbyes\u00bb css=\u00bb.vc_custom_1508235989236{margin-bottom: 10px !important;}\u00bb][vc_column_text]Envase de 500 g.[\/vc_column_text][divider line_type=\u00bbNo Line\u00bb custom_height=\u00bb30&#8243;][vc_custom_heading text=\u00bbModo d&#8217;uso\u00bb font_container=\u00bbtag:h5|text_align:left|color:rgba(255%2C255%2C255%2C0.6)\u00bb use_theme_fonts=\u00bbyes\u00bb css=\u00bb.vc_custom_1507631022236{margin-bottom: 10px !important;}\u00bb][vc_column_text]Mezcle, en un recipiente no met\u00e1lico, 1 parte de polvo blanqueador + 2 partes de crema de emulsi\u00f3n oxidante a 10 (3%), 20 (6%), 30 (9%) o 40 (12%) vol\u00famenes. Apl\u00edquelo inmediatamente sobre el cabello seco y sin lavar y d\u00e9jelo en su lugar hasta lograr el aligeramiento deseado. Al final, enjuague bien y, despu\u00e9s de eliminar cualquier residuo, champ\u00fa. El tono de iluminaci\u00f3n var\u00eda seg\u00fan la velocidad del obturador y los vol\u00famenes de la emulsi\u00f3n utilizada. Dependiendo del efecto deseado, sobre la base de la aplicaci\u00f3n, la condici\u00f3n del cabello y la temperatura del ambiente, es aconsejable verificar el aligeramiento durante el tiempo de colocaci\u00f3n.[\/vc_column_text][divider line_type=\u00bbNo Line\u00bb custom_height=\u00bb50&#8243;][social_buttons full_width_icons=\u00bbtrue\u00bb nectar_love=\u00bbtrue\u00bb facebook=\u00bbtrue\u00bb google_plus=\u00bbtrue\u00bb linkedin=\u00bbtrue\u00bb][\/vc_column][\/vc_row]\n","protected":false},"excerpt":{"rendered":"<p>[vc_row type=\u00bbfull_width_background\u00bb full_screen_row_position=\u00bbmiddle\u00bb equal_height=\u00bbyes\u00bb content_placement=\u00bbmiddle\u00bb bg_color=\u00bb#ac579c\u00bb scene_position=\u00bbcenter\u00bb text_color=\u00bblight\u00bb text_align=\u00bbleft\u00bb top_padding=\u00bb7%\u00bb bottom_padding=\u00bb7%\u00bb overlay_strength=\u00bb0.3&#8243; shape_divider_position=\u00bbbottom\u00bb bg_image_animation=\u00bbnone\u00bb][vc_column column_padding=\u00bbno-extra-padding\u00bb&#8230;<\/p>\n","protected":false},"author":1,"featured_media":0,"parent":8412,"menu_order":0,"comment_status":"closed","ping_status":"closed","template":"","meta":[],"_links":{"self":[{"href":"https:\/\/www.erreelleitalia.com\/es\/wp-json\/wp\/v2\/pages\/9081"}],"collection":[{"href":"https:\/\/www.erreelleitalia.com\/es\/wp-json\/wp\/v2\/pages"}],"about":[{"href":"https:\/\/www.erreelleitalia.com\/es\/wp-json\/wp\/v2\/types\/page"}],"author":[{"embeddable":true,"href":"https:\/\/www.erreelleitalia.com\/es\/wp-json\/wp\/v2\/users\/1"}],"replies":[{"embeddable":true,"href":"https:\/\/www.erreelleitalia.com\/es\/wp-json\/wp\/v2\/comments?post=9081"}],"version-history":[{"count":2,"href":"https:\/\/www.erreelleitalia.com\/es\/wp-json\/wp\/v2\/pages\/9081\/revisions"}],"predecessor-version":[{"id":17286,"href":"https:\/\/www.erreelleitalia.com\/es\/wp-json\/wp\/v2\/pages\/9081\/revisions\/17286"}],"up":[{"embeddable":true,"href":"https:\/\/www.erreelleitalia.com\/es\/wp-json\/wp\/v2\/pages\/8412"}],"wp:attachment":[{"href":"https:\/\/www.erreelleitalia.com\/es\/wp-json\/wp\/v2\/media?parent=9081"}],"curies":[{"name":"wp","href":"https:\/\/api.w.org\/{rel}","templated":true}]}}

[vc_row type=»full_width_background» full_screen_row_position=»middle» equal_height=»yes» content_placement=»middle» bg_color=»#ac579c» scene_position=»center» text_color=»light» text_align=»left» top_padding=»7%» bottom_padding=»7%» overlay_strength=»0.3&#8243; shape_divider_position=»bottom» bg_image_animation=»none»][vc_column column_padding=»no-extra-padding» column_padding_position=»all» background_color_opacity=»1&#8243; background_hover_color_opacity=»1&#8243; column_link_target=»_self» column_shadow=»none» column_border_radius=»none» width=»1/2&#8243; tablet_width_inherit=»default» tablet_text_alignment=»default» phone_text_alignment=»default» column_border_width=»none» column_border_style=»solid» bg_image_animation=»none»][image_with_animation image_url=»12284&#8243; alignment=»» animation=»Fade In» border_radius=»none» box_shadow=»x_large_depth» max_width=»100%»][image_with_animation image_url=»17282&#8243; alignment=»» animation=»Fade In» border_radius=»none» box_shadow=»x_large_depth» max_width=»100%»][/vc_column][vc_column column_padding=»padding-6-percent» column_padding_position=»all» background_color_opacity=»1&#8243; background_hover_color_opacity=»1&#8243; column_link_target=»_self» column_shadow=»none» column_border_radius=»none» width=»1/2&#8243; tablet_width_inherit=»default» tablet_text_alignment=»default» phone_text_alignment=»default» column_border_width=»none» column_border_style=»solid» bg_image_animation=»none»][vc_custom_heading text=»Prestige Tecnic» font_container=»tag:h5|text_align:left|color:rgba(255%2C255%2C255%2C0.6)» use_theme_fonts=»yes» css=».vc_custom_1502286805805{margin-bottom: 10px !important;}»][vc_custom_heading text=»Decolorante Azul y Violeta» font_container=»tag:h2|font_size:40|text_align:left|line_height:50px» use_theme_fonts=»yes»][vc_column_text css=».vc_custom_1578393840263{margin-top: 30px !important;margin-bottom: 30px !important;}»]Polvo blanqueador azul y Violeta, con alto poder de aclarado, con oligosacáridos de ßeta-D-fructosa que actúan durante el proceso de aclarado y protegen el cabello. Fácil de mezclar, no se agrupa, no gotea y no se hincha. Su fórmula compacta evita la inhalación de partículas volátiles. Actúa con la máxima seguridad y es adecuado para todas las técnicas de aclarado (rayas, insolaciones, balayages y shatush) y para todo tipo de aplicaciones (papel de aluminio, gorro, peine, etc.). Permite obtener el máximo blanqueo de forma gradual y uniforme. Proporción de mezcla 1:2.[/vc_column_text][vc_custom_heading text=»Tamaño» font_container=»tag:h5|text_align:left|color:rgba(255%2C255%2C255%2C0.6)» use_theme_fonts=»yes» css=».vc_custom_1508235989236{margin-bottom: 10px !important;}»][vc_column_text]Envase de 500 g.[/vc_column_text][divider line_type=»No Line» custom_height=»30&#8243;][vc_custom_heading text=»Modo d&#8217;uso» font_container=»tag:h5|text_align:left|color:rgba(255%2C255%2C255%2C0.6)» use_theme_fonts=»yes» css=».vc_custom_1507631022236{margin-bottom: 10px !important;}»][vc_column_text]Mezcle, en un recipiente no metálico, 1 parte de polvo blanqueador + 2 partes de crema de emulsión oxidante a 10 (3%), 20 (6%), 30 (9%) o 40 (12%) volúmenes. Aplíquelo inmediatamente sobre el cabello seco y sin lavar y déjelo en su lugar hasta lograr el aligeramiento deseado. Al final, enjuague bien y, después de eliminar cualquier residuo, champú. El tono de iluminación varía según la velocidad del obturador y los volúmenes de la emulsión utilizada. Dependiendo del efecto deseado, sobre la base de la aplicación, la condición del cabello y la temperatura del ambiente, es aconsejable verificar el aligeramiento durante el tiempo de colocación.[/vc_column_text][divider line_type=»No Line» custom_height=»50&#8243;][social_buttons full_width_icons=»true» nectar_love=»true» facebook=»true» google_plus=»true» linkedin=»true»][/vc_column][/vc_row]
