{"id":8226,"date":"2017-08-16T12:29:32","date_gmt":"2017-08-16T12:29:32","guid":{"rendered":"http:\/\/www.erreelleitalia.com\/?page_id=8226"},"modified":"2017-09-12T14:16:34","modified_gmt":"2017-09-12T14:16:34","slug":"glamour-lacca-ecologica","status":"publish","type":"page","link":"https:\/\/www.erreelleitalia.com\/es\/brands\/glamour\/glamour-lacca-ecologica\/","title":{"rendered":"Glamour Laca ecol\u00f3gica"},"content":{"rendered":"[vc_row type=\u00bbfull_width_background\u00bb full_screen_row_position=\u00bbmiddle\u00bb equal_height=\u00bbyes\u00bb content_placement=\u00bbtop\u00bb bg_color=\u00bb#be5670&#8243; scene_position=\u00bbcenter\u00bb text_color=\u00bblight\u00bb text_align=\u00bbleft\u00bb top_padding=\u00bb7%\u00bb bottom_padding=\u00bb7%\u00bb overlay_strength=\u00bb0.3&#8243;][vc_column column_padding=\u00bbno-extra-padding\u00bb column_padding_position=\u00bball\u00bb background_color_opacity=\u00bb1&#8243; background_hover_color_opacity=\u00bb1&#8243; column_shadow=\u00bbnone\u00bb width=\u00bb1\/2&#8243; tablet_text_alignment=\u00bbdefault\u00bb phone_text_alignment=\u00bbdefault\u00bb column_border_width=\u00bbnone\u00bb column_border_style=\u00bbsolid\u00bb][image_with_animation image_url=\u00bb7488&#8243; alignment=\u00bb\u00bb animation=\u00bbFade In\u00bb box_shadow=\u00bbx_large_depth\u00bb max_width=\u00bb100%\u00bb][\/vc_column][vc_column column_padding=\u00bbpadding-6-percent\u00bb column_padding_position=\u00bball\u00bb background_color_opacity=\u00bb1&#8243; background_hover_color_opacity=\u00bb1&#8243; column_shadow=\u00bbnone\u00bb width=\u00bb1\/2&#8243; tablet_text_alignment=\u00bbdefault\u00bb phone_text_alignment=\u00bbdefault\u00bb column_border_width=\u00bbnone\u00bb column_border_style=\u00bbsolid\u00bb][vc_custom_heading text=\u00bbGlamour\u00bb font_container=\u00bbtag:h5|text_align:left|color:rgba(255%2C255%2C255%2C0.6)\u00bb use_theme_fonts=\u00bbyes\u00bb css=\u00bb.vc_custom_1502885994779{margin-bottom: 10px !important;}\u00bb][vc_custom_heading text=\u00bbLaca sin gas volumen extra\u00bb font_container=\u00bbtag:h2|font_size:40|text_align:left|line_height:50px\u00bb use_theme_fonts=\u00bbyes\u00bb][vc_column_text css=\u00bb.vc_custom_1505225547956{margin-top: 30px !important;margin-bottom: 30px !important;}\u00bb]Laca ecol\u00f3gica NO GAS VOLUMINOUS ACTION para peinados suaves y naturales. Fija, da soporte y volumen a los cabellos, dej\u00e1ndolos suaves y brillantes. Asegura una fijaci\u00f3n que perdura con el paso del tiempo y protege el cabello de los rayos UV. Contiene Complejo Vitam\u00ednico, una mezcla que garantiza m\u00e1xima hidrataci\u00f3n y un efecto antioxidante. No deja residuos y se elimina con un simple cepillado.[\/vc_column_text][vc_row_inner column_margin=\u00bbdefault\u00bb text_align=\u00bbleft\u00bb][vc_column_inner column_padding=\u00bbno-extra-padding\u00bb column_padding_position=\u00bball\u00bb background_color_opacity=\u00bb1&#8243; width=\u00bb1\/2&#8243; column_border_width=\u00bbnone\u00bb column_border_style=\u00bbsolid\u00bb][\/vc_column_inner][vc_column_inner column_padding=\u00bbno-extra-padding\u00bb column_padding_position=\u00bball\u00bb background_color_opacity=\u00bb1&#8243; width=\u00bb1\/2&#8243; column_border_width=\u00bbnone\u00bb column_border_style=\u00bbsolid\u00bb][vc_custom_heading text=\u00bbTama\u00f1o:\u00bb font_container=\u00bbtag:h5|text_align:left|color:rgba(255%2C255%2C255%2C0.6)\u00bb use_theme_fonts=\u00bbyes\u00bb css=\u00bb.vc_custom_1505225708843{margin-bottom: 10px !important;}\u00bb]<div class=\"nectar-fancy-ul\" data-list-icon=\"none\" data-animation=\"false\" data-animation-delay=\"0\" data-color=\"accent-color\" data-spacing=\"default\" data-alignment=\"left\"> \n<ul>\n<li>Lata en aerosol 400 ML<\/li>\n<\/ul>\n <\/div>[\/vc_column_inner][\/vc_row_inner][divider line_type=\u00bbNo Line\u00bb custom_height=\u00bb50&#8243;][vc_custom_heading text=\u00bbGlamour\u00bb font_container=\u00bbtag:h5|text_align:left|color:rgba(255%2C255%2C255%2C0.6)\u00bb use_theme_fonts=\u00bbyes\u00bb css=\u00bb.vc_custom_1502885994779{margin-bottom: 10px !important;}\u00bb][vc_custom_heading text=\u00bbLaca sin gas extra fuerte\u00bb font_container=\u00bbtag:h2|font_size:40|text_align:left|line_height:50px\u00bb use_theme_fonts=\u00bbyes\u00bb][vc_column_text css=\u00bb.vc_custom_1505225630892{margin-top: 30px !important;margin-bottom: 30px !important;}\u00bb]Laca ecol\u00f3gica sin gas efecto extra fuerte. Ideal para crear y modelar peinados estructurados. Fijaci\u00f3n fuerte y garantiza definici\u00f3n y soporte para todo el d\u00eda. Da el brillo instant\u00e1neo a los cabellos y los protege de los rayos UV y de la humedad. Enriquecido con Vitamin Complex, hidrata y protege la estructura capilar de la acci\u00f3n nociva de los radicales libres. [\/vc_column_text][vc_row_inner column_margin=\u00bbdefault\u00bb text_align=\u00bbleft\u00bb][vc_column_inner column_padding=\u00bbno-extra-padding\u00bb column_padding_position=\u00bball\u00bb background_color_opacity=\u00bb1&#8243; width=\u00bb1\/2&#8243; column_border_width=\u00bbnone\u00bb column_border_style=\u00bbsolid\u00bb][\/vc_column_inner][vc_column_inner column_padding=\u00bbno-extra-padding\u00bb column_padding_position=\u00bball\u00bb background_color_opacity=\u00bb1&#8243; width=\u00bb1\/2&#8243; column_border_width=\u00bbnone\u00bb column_border_style=\u00bbsolid\u00bb][vc_custom_heading text=\u00bbTama\u00f1o:\u00bb font_container=\u00bbtag:h5|text_align:left|color:rgba(255%2C255%2C255%2C0.6)\u00bb use_theme_fonts=\u00bbyes\u00bb css=\u00bb.vc_custom_1505225728099{margin-bottom: 10px !important;}\u00bb]<div class=\"nectar-fancy-ul\" data-list-icon=\"none\" data-animation=\"false\" data-animation-delay=\"0\" data-color=\"accent-color\" data-spacing=\"default\" data-alignment=\"left\"> \n<ul>\n<li>Lata en aerosol 400 ML<\/li>\n<\/ul>\n <\/div>[\/vc_column_inner][\/vc_row_inner][vc_custom_heading text=\u00bbModo de empleo:\u00bb font_container=\u00bbtag:h5|text_align:left|color:rgba(255%2C255%2C255%2C0.6)\u00bb use_theme_fonts=\u00bbyes\u00bb css=\u00bb.vc_custom_1505225769374{margin-bottom: 10px !important;}\u00bb][vc_column_text css=\u00bb.vc_custom_1505225789813{margin-top: 30px !important;margin-bottom: 30px !important;}\u00bb]Agitar antes de usar. Vaporizar a una distancia de unos 20-30 cm. Utilizar sobre el cabello seco para fijar un peinado, sobre el cabello h\u00famedo para definirlo. Si la v\u00e1lvula est\u00e1 obturada, enjuague con agua caliente.[\/vc_column_text][divider line_type=\u00bbNo Line\u00bb custom_height=\u00bb50&#8243;][social_buttons full_width_icons=\u00bbtrue\u00bb nectar_love=\u00bbtrue\u00bb facebook=\u00bbtrue\u00bb google_plus=\u00bbtrue\u00bb linkedin=\u00bbtrue\u00bb][\/vc_column][\/vc_row]\n","protected":false},"excerpt":{"rendered":"<p>[vc_row type=\u00bbfull_width_background\u00bb full_screen_row_position=\u00bbmiddle\u00bb equal_height=\u00bbyes\u00bb content_placement=\u00bbtop\u00bb bg_color=\u00bb#be5670&#8243; scene_position=\u00bbcenter\u00bb text_color=\u00bblight\u00bb text_align=\u00bbleft\u00bb top_padding=\u00bb7%\u00bb bottom_padding=\u00bb7%\u00bb overlay_strength=\u00bb0.3&#8243;][vc_column column_padding=\u00bbno-extra-padding\u00bb column_padding_position=\u00bball\u00bb background_color_opacity=\u00bb1&#8243;&#8230;<\/p>\n","protected":false},"author":1,"featured_media":0,"parent":8405,"menu_order":9,"comment_status":"closed","ping_status":"closed","template":"","meta":[],"_links":{"self":[{"href":"https:\/\/www.erreelleitalia.com\/es\/wp-json\/wp\/v2\/pages\/8226"}],"collection":[{"href":"https:\/\/www.erreelleitalia.com\/es\/wp-json\/wp\/v2\/pages"}],"about":[{"href":"https:\/\/www.erreelleitalia.com\/es\/wp-json\/wp\/v2\/types\/page"}],"author":[{"embeddable":true,"href":"https:\/\/www.erreelleitalia.com\/es\/wp-json\/wp\/v2\/users\/1"}],"replies":[{"embeddable":true,"href":"https:\/\/www.erreelleitalia.com\/es\/wp-json\/wp\/v2\/comments?post=8226"}],"version-history":[{"count":0,"href":"https:\/\/www.erreelleitalia.com\/es\/wp-json\/wp\/v2\/pages\/8226\/revisions"}],"up":[{"embeddable":true,"href":"https:\/\/www.erreelleitalia.com\/es\/wp-json\/wp\/v2\/pages\/8405"}],"wp:attachment":[{"href":"https:\/\/www.erreelleitalia.com\/es\/wp-json\/wp\/v2\/media?parent=8226"}],"curies":[{"name":"wp","href":"https:\/\/api.w.org\/{rel}","templated":true}]}}

Glamour Laca ecológica

[vc_row type=»full_width_background» full_screen_row_position=»middle» equal_height=»yes» content_placement=»top» bg_color=»#be5670&#8243; scene_position=»center» text_color=»light» text_align=»left» top_padding=»7%» bottom_padding=»7%» overlay_strength=»0.3&#8243;][vc_column column_padding=»no-extra-padding» column_padding_position=»all» background_color_opacity=»1&#8243; background_hover_color_opacity=»1&#8243; column_shadow=»none» width=»1/2&#8243; tablet_text_alignment=»default» phone_text_alignment=»default» column_border_width=»none» column_border_style=»solid»][image_with_animation image_url=»7488&#8243; alignment=»» animation=»Fade In» box_shadow=»x_large_depth» max_width=»100%»][/vc_column][vc_column column_padding=»padding-6-percent» column_padding_position=»all» background_color_opacity=»1&#8243; background_hover_color_opacity=»1&#8243; column_shadow=»none» width=»1/2&#8243; tablet_text_alignment=»default» phone_text_alignment=»default» column_border_width=»none» column_border_style=»solid»][vc_custom_heading text=»Glamour» font_container=»tag:h5|text_align:left|color:rgba(255%2C255%2C255%2C0.6)» use_theme_fonts=»yes» css=».vc_custom_1502885994779{margin-bottom: 10px !important;}»][vc_custom_heading text=»Laca sin gas volumen extra» font_container=»tag:h2|font_size:40|text_align:left|line_height:50px» use_theme_fonts=»yes»][vc_column_text css=».vc_custom_1505225547956{margin-top: 30px !important;margin-bottom: 30px !important;}»]Laca ecológica NO GAS VOLUMINOUS ACTION para peinados suaves y naturales. Fija, da soporte y volumen a los cabellos, dejándolos suaves y brillantes. Asegura una fijación que perdura con el paso del tiempo y protege el cabello de los rayos UV. Contiene Complejo Vitamínico, una mezcla que garantiza máxima hidratación y un efecto antioxidante. No deja residuos y se elimina con un simple cepillado.[/vc_column_text][vc_row_inner column_margin=»default» text_align=»left»][vc_column_inner column_padding=»no-extra-padding» column_padding_position=»all» background_color_opacity=»1&#8243; width=»1/2&#8243; column_border_width=»none» column_border_style=»solid»][/vc_column_inner][vc_column_inner column_padding=»no-extra-padding» column_padding_position=»all» background_color_opacity=»1&#8243; width=»1/2&#8243; column_border_width=»none» column_border_style=»solid»][vc_custom_heading text=»Tamaño:» font_container=»tag:h5|text_align:left|color:rgba(255%2C255%2C255%2C0.6)» use_theme_fonts=»yes» css=».vc_custom_1505225708843{margin-bottom: 10px !important;}»]<div class="nectar-fancy-ul" data-list-icon="none" data-animation="false" data-animation-delay="0" data-color="accent-color" data-spacing="default" data-alignment="left"> 
<ul>
<li>Lata en aerosol 400 ML</li>
</ul>
 </div>[/vc_column_inner][/vc_row_inner][divider line_type=»No Line» custom_height=»50&#8243;][vc_custom_heading text=»Glamour» font_container=»tag:h5|text_align:left|color:rgba(255%2C255%2C255%2C0.6)» use_theme_fonts=»yes» css=».vc_custom_1502885994779{margin-bottom: 10px !important;}»][vc_custom_heading text=»Laca sin gas extra fuerte» font_container=»tag:h2|font_size:40|text_align:left|line_height:50px» use_theme_fonts=»yes»][vc_column_text css=».vc_custom_1505225630892{margin-top: 30px !important;margin-bottom: 30px !important;}»]Laca ecológica sin gas efecto extra fuerte. Ideal para crear y modelar peinados estructurados. Fijación fuerte y garantiza definición y soporte para todo el día. Da el brillo instantáneo a los cabellos y los protege de los rayos UV y de la humedad. Enriquecido con Vitamin Complex, hidrata y protege la estructura capilar de la acción nociva de los radicales libres. [/vc_column_text][vc_row_inner column_margin=»default» text_align=»left»][vc_column_inner column_padding=»no-extra-padding» column_padding_position=»all» background_color_opacity=»1&#8243; width=»1/2&#8243; column_border_width=»none» column_border_style=»solid»][/vc_column_inner][vc_column_inner column_padding=»no-extra-padding» column_padding_position=»all» background_color_opacity=»1&#8243; width=»1/2&#8243; column_border_width=»none» column_border_style=»solid»][vc_custom_heading text=»Tamaño:» font_container=»tag:h5|text_align:left|color:rgba(255%2C255%2C255%2C0.6)» use_theme_fonts=»yes» css=».vc_custom_1505225728099{margin-bottom: 10px !important;}»]<div class="nectar-fancy-ul" data-list-icon="none" data-animation="false" data-animation-delay="0" data-color="accent-color" data-spacing="default" data-alignment="left"> 
<ul>
<li>Lata en aerosol 400 ML</li>
</ul>
 </div>[/vc_column_inner][/vc_row_inner][vc_custom_heading text=»Modo de empleo:» font_container=»tag:h5|text_align:left|color:rgba(255%2C255%2C255%2C0.6)» use_theme_fonts=»yes» css=».vc_custom_1505225769374{margin-bottom: 10px !important;}»][vc_column_text css=».vc_custom_1505225789813{margin-top: 30px !important;margin-bottom: 30px !important;}»]Agitar antes de usar. Vaporizar a una distancia de unos 20-30 cm. Utilizar sobre el cabello seco para fijar un peinado, sobre el cabello húmedo para definirlo. Si la válvula está obturada, enjuague con agua caliente.[/vc_column_text][divider line_type=»No Line» custom_height=»50&#8243;][social_buttons full_width_icons=»true» nectar_love=»true» facebook=»true» google_plus=»true» linkedin=»true»][/vc_column][/vc_row]
