{"id":17716,"date":"2020-06-15T14:39:00","date_gmt":"2020-06-15T14:39:00","guid":{"rendered":"http:\/\/www.erreelleitalia.com\/6-curlup-ricci-perfetti\/"},"modified":"2020-06-16T09:11:49","modified_gmt":"2020-06-16T09:11:49","slug":"6-curlup-ricci-perfetti","status":"publish","type":"page","link":"https:\/\/www.erreelleitalia.com\/es\/6-curlup-ricci-perfetti\/","title":{"rendered":"6 Curlup Ricci Perfetti"},"content":{"rendered":"[vc_row type=\u00bbfull_width_background\u00bb full_screen_row_position=\u00bbmiddle\u00bb equal_height=\u00bbyes\u00bb content_placement=\u00bbmiddle\u00bb bg_color=\u00bb#ffffff\u00bb scene_position=\u00bbcenter\u00bb text_color=\u00bbdark\u00bb text_align=\u00bbleft\u00bb top_padding=\u00bb7%\u00bb bottom_padding=\u00bb7%\u00bb overlay_strength=\u00bb0.3&#8243; shape_divider_position=\u00bbbottom\u00bb bg_image_animation=\u00bbnone\u00bb shape_type=\u00bb\u00bb][vc_column column_padding=\u00bbno-extra-padding\u00bb column_padding_position=\u00bball\u00bb background_color_opacity=\u00bb1&#8243; background_hover_color_opacity=\u00bb1&#8243; column_link_target=\u00bb_self\u00bb column_shadow=\u00bbnone\u00bb column_border_radius=\u00bbnone\u00bb width=\u00bb1\/2&#8243; tablet_width_inherit=\u00bbdefault\u00bb tablet_text_alignment=\u00bbdefault\u00bb phone_text_alignment=\u00bbdefault\u00bb column_border_width=\u00bbnone\u00bb column_border_style=\u00bbsolid\u00bb bg_image_animation=\u00bbnone\u00bb][image_with_animation image_url=\u00bb17665&#8243; alignment=\u00bb\u00bb animation=\u00bbFade In\u00bb border_radius=\u00bbnone\u00bb box_shadow=\u00bbx_large_depth\u00bb max_width=\u00bb100%\u00bb][\/vc_column][vc_column column_padding=\u00bbpadding-6-percent\u00bb column_padding_position=\u00bball\u00bb background_color_opacity=\u00bb1&#8243; background_hover_color_opacity=\u00bb1&#8243; font_color=\u00bb#000000&#8243; column_link_target=\u00bb_self\u00bb column_shadow=\u00bbnone\u00bb column_border_radius=\u00bbnone\u00bb width=\u00bb1\/2&#8243; tablet_width_inherit=\u00bbdefault\u00bb tablet_text_alignment=\u00bbdefault\u00bb phone_text_alignment=\u00bbdefault\u00bb column_border_width=\u00bbnone\u00bb column_border_style=\u00bbsolid\u00bb bg_image_animation=\u00bbnone\u00bb][vc_custom_heading text=\u00bbGlamour\u00bb font_container=\u00bbtag:h5|text_align:left|color:rgba(0%2C0%2C0%2C0.6)\u00bb use_theme_fonts=\u00bbyes\u00bb css=\u00bb.vc_custom_1591985964237{margin-bottom: 10px !important;}\u00bb][vc_custom_heading text=\u00bb6 Curlup Ricci Perfetti\u00bb font_container=\u00bbtag:h2|font_size:40|text_align:left|color:%23000000|line_height:50px\u00bb use_theme_fonts=\u00bbyes\u00bb][vc_column_text css=\u00bb.vc_custom_1592302420787{margin-top: 30px !important;margin-bottom: 30px !important;}\u00bb]Glaseado de modelado rizado con 6 acciones trico-cosm\u00e9ticas. La f\u00f3rmula altamente hidratante, con \u00c1cido Hialur\u00f3nico y Aloe Vera, revive y tonifica los rizos haci\u00e9ndolos el\u00e1sticos, compactos y brillantes. Con una acci\u00f3n termoprotectora, protege la fibra capilar durante el secado, evita el encrespamiento y hace que el cabello se vea suave y saludable.[\/vc_column_text][divider line_type=\u00bbNo Line\u00bb custom_height=\u00bb50&#8243;][vc_row_inner column_margin=\u00bbdefault\u00bb text_align=\u00bbleft\u00bb][vc_column_inner column_padding=\u00bbno-extra-padding\u00bb column_padding_position=\u00bball\u00bb background_color_opacity=\u00bb1&#8243; background_hover_color_opacity=\u00bb1&#8243; column_shadow=\u00bbnone\u00bb column_border_radius=\u00bbnone\u00bb column_link_target=\u00bb_self\u00bb width=\u00bb1\/2&#8243; tablet_width_inherit=\u00bbdefault\u00bb column_border_width=\u00bbnone\u00bb column_border_style=\u00bbsolid\u00bb bg_image_animation=\u00bbnone\u00bb][vc_custom_heading text=\u00bbAzioni\/Actions\u00bb font_container=\u00bbtag:h5|text_align:left|color:rgba(0%2C0%2C0%2C0.6)\u00bb use_theme_fonts=\u00bbyes\u00bb css=\u00bb.vc_custom_1591985731379{margin-bottom: 10px !important;}\u00bb]<div class=\"nectar-fancy-ul\" data-list-icon=\"none\" data-animation=\"false\" data-animation-delay=\"0\" data-color=\"accent-color\" data-spacing=\"default\" data-alignment=\"left\"> \n<ul>\n<li>Anticrespo &#8211; Anti-frizz<\/li>\n<li>Elasticizzante &#8211; Elasticizing<\/li>\n<li>Idratante &#8211; Moisturizing<\/li>\n<li>Disciplinante &#8211; Disciplining<\/li>\n<li>Termo-protettiva &#8211; Thermo-protective<\/li>\n<li>Lucidante &#8211; Polishing<\/li>\n<\/ul>\n <\/div>[\/vc_column_inner][vc_column_inner column_padding=\u00bbno-extra-padding\u00bb column_padding_position=\u00bball\u00bb background_color_opacity=\u00bb1&#8243; background_hover_color_opacity=\u00bb1&#8243; column_shadow=\u00bbnone\u00bb column_border_radius=\u00bbnone\u00bb column_link_target=\u00bb_self\u00bb width=\u00bb1\/2&#8243; tablet_width_inherit=\u00bbdefault\u00bb column_border_width=\u00bbnone\u00bb column_border_style=\u00bbsolid\u00bb bg_image_animation=\u00bbnone\u00bb][vc_custom_heading text=\u00bbFormato\u00bb font_container=\u00bbtag:h5|text_align:left|color:rgba(0%2C0%2C0%2C0.6)\u00bb use_theme_fonts=\u00bbyes\u00bb css=\u00bb.vc_custom_1592302386230{margin-bottom: 10px !important;}\u00bb]<div class=\"nectar-fancy-ul\" data-list-icon=\"none\" data-animation=\"false\" data-animation-delay=\"0\" data-color=\"accent-color\" data-spacing=\"default\" data-alignment=\"left\"> \n<ul>\n<li>Tube de 200ml<\/li>\n<\/ul>\n <\/div>[\/vc_column_inner][\/vc_row_inner][vc_custom_heading text=\u00bbModo de empleo\u00bb font_container=\u00bbtag:h5|text_align:left|color:rgba(0%2C0%2C0%2C0.6)\u00bb use_theme_fonts=\u00bbyes\u00bb css=\u00bb.vc_custom_1592302436735{margin-bottom: 10px !important;}\u00bb][vc_column_text css=\u00bb.vc_custom_1592302450358{margin-top: 30px !important;margin-bottom: 30px !important;}\u00bb]Despu\u00e9s del champ\u00fa, sobre el cabello h\u00famedo y la cabeza hacia abajo, distribuya el producto, desde la ra\u00edz hasta las puntas, y peine con los dedos. Recoja los rizos en la palma de la mano y lev\u00e1ntelos de abajo hacia arriba, apriete el mech\u00f3n y su\u00e9ltalo. Seque al rev\u00e9s con un difusor de temperatura media y baja velocidad. Tambi\u00e9n se puede aplicar al cabello seco para remodelar y redefinir los mechones rebeldes.[\/vc_column_text][divider line_type=\u00bbNo Line\u00bb custom_height=\u00bb50&#8243;][social_buttons full_width_icons=\u00bbtrue\u00bb nectar_love=\u00bbtrue\u00bb facebook=\u00bbtrue\u00bb google_plus=\u00bbtrue\u00bb linkedin=\u00bbtrue\u00bb][\/vc_column][\/vc_row]\n","protected":false},"excerpt":{"rendered":"<p>[vc_row type=\u00bbfull_width_background\u00bb full_screen_row_position=\u00bbmiddle\u00bb equal_height=\u00bbyes\u00bb content_placement=\u00bbmiddle\u00bb bg_color=\u00bb#ffffff\u00bb scene_position=\u00bbcenter\u00bb text_color=\u00bbdark\u00bb text_align=\u00bbleft\u00bb top_padding=\u00bb7%\u00bb bottom_padding=\u00bb7%\u00bb overlay_strength=\u00bb0.3&#8243; shape_divider_position=\u00bbbottom\u00bb bg_image_animation=\u00bbnone\u00bb shape_type=\u00bb\u00bb][vc_column&#8230;<\/p>\n","protected":false},"author":2,"featured_media":0,"parent":0,"menu_order":0,"comment_status":"closed","ping_status":"closed","template":"","meta":[],"_links":{"self":[{"href":"https:\/\/www.erreelleitalia.com\/es\/wp-json\/wp\/v2\/pages\/17716"}],"collection":[{"href":"https:\/\/www.erreelleitalia.com\/es\/wp-json\/wp\/v2\/pages"}],"about":[{"href":"https:\/\/www.erreelleitalia.com\/es\/wp-json\/wp\/v2\/types\/page"}],"author":[{"embeddable":true,"href":"https:\/\/www.erreelleitalia.com\/es\/wp-json\/wp\/v2\/users\/2"}],"replies":[{"embeddable":true,"href":"https:\/\/www.erreelleitalia.com\/es\/wp-json\/wp\/v2\/comments?post=17716"}],"version-history":[{"count":3,"href":"https:\/\/www.erreelleitalia.com\/es\/wp-json\/wp\/v2\/pages\/17716\/revisions"}],"predecessor-version":[{"id":17724,"href":"https:\/\/www.erreelleitalia.com\/es\/wp-json\/wp\/v2\/pages\/17716\/revisions\/17724"}],"wp:attachment":[{"href":"https:\/\/www.erreelleitalia.com\/es\/wp-json\/wp\/v2\/media?parent=17716"}],"curies":[{"name":"wp","href":"https:\/\/api.w.org\/{rel}","templated":true}]}}

[vc_row type=»full_width_background» full_screen_row_position=»middle» equal_height=»yes» content_placement=»middle» bg_color=»#ffffff» scene_position=»center» text_color=»dark» text_align=»left» top_padding=»7%» bottom_padding=»7%» overlay_strength=»0.3&#8243; shape_divider_position=»bottom» bg_image_animation=»none» shape_type=»»][vc_column column_padding=»no-extra-padding» column_padding_position=»all» background_color_opacity=»1&#8243; background_hover_color_opacity=»1&#8243; column_link_target=»_self» column_shadow=»none» column_border_radius=»none» width=»1/2&#8243; tablet_width_inherit=»default» tablet_text_alignment=»default» phone_text_alignment=»default» column_border_width=»none» column_border_style=»solid» bg_image_animation=»none»][image_with_animation image_url=»17665&#8243; alignment=»» animation=»Fade In» border_radius=»none» box_shadow=»x_large_depth» max_width=»100%»][/vc_column][vc_column column_padding=»padding-6-percent» column_padding_position=»all» background_color_opacity=»1&#8243; background_hover_color_opacity=»1&#8243; font_color=»#000000&#8243; column_link_target=»_self» column_shadow=»none» column_border_radius=»none» width=»1/2&#8243; tablet_width_inherit=»default» tablet_text_alignment=»default» phone_text_alignment=»default» column_border_width=»none» column_border_style=»solid» bg_image_animation=»none»][vc_custom_heading text=»Glamour» font_container=»tag:h5|text_align:left|color:rgba(0%2C0%2C0%2C0.6)» use_theme_fonts=»yes» css=».vc_custom_1591985964237{margin-bottom: 10px !important;}»][vc_custom_heading text=»6 Curlup Ricci Perfetti» font_container=»tag:h2|font_size:40|text_align:left|color:%23000000|line_height:50px» use_theme_fonts=»yes»][vc_column_text css=».vc_custom_1592302420787{margin-top: 30px !important;margin-bottom: 30px !important;}»]Glaseado de modelado rizado con 6 acciones trico-cosméticas. La fórmula altamente hidratante, con Ácido Hialurónico y Aloe Vera, revive y tonifica los rizos haciéndolos elásticos, compactos y brillantes. Con una acción termoprotectora, protege la fibra capilar durante el secado, evita el encrespamiento y hace que el cabello se vea suave y saludable.[/vc_column_text][divider line_type=»No Line» custom_height=»50&#8243;][vc_row_inner column_margin=»default» text_align=»left»][vc_column_inner column_padding=»no-extra-padding» column_padding_position=»all» background_color_opacity=»1&#8243; background_hover_color_opacity=»1&#8243; column_shadow=»none» column_border_radius=»none» column_link_target=»_self» width=»1/2&#8243; tablet_width_inherit=»default» column_border_width=»none» column_border_style=»solid» bg_image_animation=»none»][vc_custom_heading text=»Azioni/Actions» font_container=»tag:h5|text_align:left|color:rgba(0%2C0%2C0%2C0.6)» use_theme_fonts=»yes» css=».vc_custom_1591985731379{margin-bottom: 10px !important;}»]<div class="nectar-fancy-ul" data-list-icon="none" data-animation="false" data-animation-delay="0" data-color="accent-color" data-spacing="default" data-alignment="left"> 
<ul>
<li>Anticrespo &#8211; Anti-frizz</li>
<li>Elasticizzante &#8211; Elasticizing</li>
<li>Idratante &#8211; Moisturizing</li>
<li>Disciplinante &#8211; Disciplining</li>
<li>Termo-protettiva &#8211; Thermo-protective</li>
<li>Lucidante &#8211; Polishing</li>
</ul>
 </div>[/vc_column_inner][vc_column_inner column_padding=»no-extra-padding» column_padding_position=»all» background_color_opacity=»1&#8243; background_hover_color_opacity=»1&#8243; column_shadow=»none» column_border_radius=»none» column_link_target=»_self» width=»1/2&#8243; tablet_width_inherit=»default» column_border_width=»none» column_border_style=»solid» bg_image_animation=»none»][vc_custom_heading text=»Formato» font_container=»tag:h5|text_align:left|color:rgba(0%2C0%2C0%2C0.6)» use_theme_fonts=»yes» css=».vc_custom_1592302386230{margin-bottom: 10px !important;}»]<div class="nectar-fancy-ul" data-list-icon="none" data-animation="false" data-animation-delay="0" data-color="accent-color" data-spacing="default" data-alignment="left"> 
<ul>
<li>Tube de 200ml</li>
</ul>
 </div>[/vc_column_inner][/vc_row_inner][vc_custom_heading text=»Modo de empleo» font_container=»tag:h5|text_align:left|color:rgba(0%2C0%2C0%2C0.6)» use_theme_fonts=»yes» css=».vc_custom_1592302436735{margin-bottom: 10px !important;}»][vc_column_text css=».vc_custom_1592302450358{margin-top: 30px !important;margin-bottom: 30px !important;}»]Después del champú, sobre el cabello húmedo y la cabeza hacia abajo, distribuya el producto, desde la raíz hasta las puntas, y peine con los dedos. Recoja los rizos en la palma de la mano y levántelos de abajo hacia arriba, apriete el mechón y suéltalo. Seque al revés con un difusor de temperatura media y baja velocidad. También se puede aplicar al cabello seco para remodelar y redefinir los mechones rebeldes.[/vc_column_text][divider line_type=»No Line» custom_height=»50&#8243;][social_buttons full_width_icons=»true» nectar_love=»true» facebook=»true» google_plus=»true» linkedin=»true»][/vc_column][/vc_row]
