{"id":11853,"date":"2018-12-12T09:35:34","date_gmt":"2018-12-12T09:35:34","guid":{"rendered":"http:\/\/www.erreelleitalia.com\/prestige-vita-2\/"},"modified":"2019-01-21T10:45:15","modified_gmt":"2019-01-21T10:45:15","slug":"prestige-vita-2","status":"publish","type":"page","link":"https:\/\/www.erreelleitalia.com\/es\/prestige-vita-2\/","title":{"rendered":"Prestige Vita 2"},"content":{"rendered":"[vc_row type=\u00bbfull_width_background\u00bb full_screen_row_position=\u00bbmiddle\u00bb equal_height=\u00bbyes\u00bb content_placement=\u00bbmiddle\u00bb bg_image=\u00bb11671&#8243; bg_position=\u00bbleft top\u00bb bg_repeat=\u00bbno-repeat\u00bb scene_position=\u00bbcenter\u00bb text_color=\u00bbdark\u00bb text_align=\u00bbleft\u00bb top_padding=\u00bb7%\u00bb bottom_padding=\u00bb7%\u00bb overlay_strength=\u00bb0.3&#8243; shape_divider_position=\u00bbbottom\u00bb shape_type=\u00bb\u00bb][vc_column column_padding=\u00bbno-extra-padding\u00bb column_padding_position=\u00bball\u00bb background_color_opacity=\u00bb1&#8243; background_hover_color_opacity=\u00bb1&#8243; column_shadow=\u00bbnone\u00bb column_border_radius=\u00bbnone\u00bb width=\u00bb1\/2&#8243; tablet_text_alignment=\u00bbdefault\u00bb phone_text_alignment=\u00bbdefault\u00bb column_border_width=\u00bbnone\u00bb column_border_style=\u00bbsolid\u00bb][image_with_animation image_url=\u00bb11915&#8243; alignment=\u00bb\u00bb animation=\u00bbFade In\u00bb border_radius=\u00bbnone\u00bb box_shadow=\u00bbx_large_depth\u00bb max_width=\u00bb100%\u00bb][\/vc_column][vc_column column_padding=\u00bbpadding-6-percent\u00bb column_padding_position=\u00bball\u00bb background_color_opacity=\u00bb1&#8243; background_hover_color_opacity=\u00bb1&#8243; font_color=\u00bb#000000&#8243; column_shadow=\u00bbnone\u00bb column_border_radius=\u00bbnone\u00bb width=\u00bb1\/2&#8243; tablet_text_alignment=\u00bbdefault\u00bb phone_text_alignment=\u00bbdefault\u00bb column_border_width=\u00bbnone\u00bb column_border_style=\u00bbsolid\u00bb][vc_custom_heading text=\u00bbPrestige Vita Botanictherapy\u00bb font_container=\u00bbtag:h5|text_align:left|color:rgba(10%2C0%2C0%2C0.6)\u00bb use_theme_fonts=\u00bbyes\u00bb css=\u00bb.vc_custom_1547740209990{margin-bottom: 10px !important;}\u00bb][vc_custom_heading text=\u00bbKera Phase Intensive Treatment\u00bb font_container=\u00bbtag:h2|font_size:40|text_align:left|color:%23000000|line_height:50px\u00bb use_theme_fonts=\u00bbyes\u00bb][vc_column_text css=\u00bb.vc_custom_1547743132410{margin-top: 30px !important;margin-bottom: 30px !important;}\u00bb]Tratamiento de queratina, reconstructivo y relleno, act\u00faa desde el interior reparando y rellenando el cabello. Gracias a su bajo peso molecular, penetra en el cabello y repara la fibra en profundidad. Especialmente indicado para cabello seco, quebradizo o sensibilizado por tratamientos qu\u00edmicos y agresiones externas (cepillo, secador de pelo, plancha, sol, viento, sal, cloro, etc.). Hace que el cabello sea m\u00e1s fuerte y m\u00e1s saludable.[\/vc_column_text][divider line_type=\u00bbNo Line\u00bb custom_height=\u00bb50&#8243;][vc_row_inner column_margin=\u00bbdefault\u00bb text_align=\u00bbleft\u00bb][vc_column_inner column_padding=\u00bbno-extra-padding\u00bb column_padding_position=\u00bball\u00bb background_color_opacity=\u00bb1&#8243; background_hover_color_opacity=\u00bb1&#8243; font_color=\u00bb#000000&#8243; column_shadow=\u00bbnone\u00bb column_border_radius=\u00bbnone\u00bb width=\u00bb1\/2&#8243; column_border_width=\u00bbnone\u00bb column_border_style=\u00bbsolid\u00bb][vc_custom_heading text=\u00bbFormato\u00bb font_container=\u00bbtag:h5|text_align:left|color:rgba(0%2C0%2C0%2C0.6)\u00bb use_theme_fonts=\u00bbyes\u00bb css=\u00bb.vc_custom_1544619357442{margin-bottom: 10px !important;}\u00bb]<div class=\"nectar-fancy-ul\" data-list-icon=\"none\" data-animation=\"false\" data-animation-delay=\"0\" data-color=\"accent-color\" data-spacing=\"default\" data-alignment=\"left\"> \n<ul>\n<li>Botella de 1000ml<\/li>\n<\/ul>\n <\/div>[\/vc_column_inner][\/vc_row_inner][vc_custom_heading text=\u00bbModo de empleo\u00bb font_container=\u00bbtag:h5|text_align:left|color:rgba(0%2C0%2C0%2C0.6)\u00bb use_theme_fonts=\u00bbyes\u00bb css=\u00bb.vc_custom_1547743314589{margin-bottom: 10px !important;}\u00bb]<div class=\"nectar-fancy-ul\" data-list-icon=\"none\" data-animation=\"false\" data-animation-delay=\"0\" data-color=\"accent-color\" data-spacing=\"default\" data-alignment=\"left\"> Despu\u00e9s de lavar con el champ\u00fa preparativo, frote el cabello con una toalla y div\u00eddalo en secciones. Dependiendo de la longitud del cabello, vierta una cantidad suficiente de producto en un taz\u00f3n y apl\u00edquelo con la ayuda de un cepillo, desde las ra\u00edces hasta las puntas. Dejar actuar durante un m\u00ednimo de 5 minutos. Para potenciar el efecto, dejar actuar bajo de una fuente de calor. Enjuague con cuidado y contin\u00fae con el siguiente paso. <\/div>[divider line_type=\u00bbNo Line\u00bb custom_height=\u00bb50&#8243;][social_buttons full_width_icons=\u00bbtrue\u00bb nectar_love=\u00bbtrue\u00bb facebook=\u00bbtrue\u00bb google_plus=\u00bbtrue\u00bb linkedin=\u00bbtrue\u00bb][\/vc_column][\/vc_row]\n","protected":false},"excerpt":{"rendered":"<p>[vc_row type=\u00bbfull_width_background\u00bb full_screen_row_position=\u00bbmiddle\u00bb equal_height=\u00bbyes\u00bb content_placement=\u00bbmiddle\u00bb bg_image=\u00bb11671&#8243; bg_position=\u00bbleft top\u00bb bg_repeat=\u00bbno-repeat\u00bb scene_position=\u00bbcenter\u00bb text_color=\u00bbdark\u00bb text_align=\u00bbleft\u00bb top_padding=\u00bb7%\u00bb bottom_padding=\u00bb7%\u00bb overlay_strength=\u00bb0.3&#8243;&#8230;<\/p>\n","protected":false},"author":2,"featured_media":0,"parent":0,"menu_order":0,"comment_status":"closed","ping_status":"closed","template":"","meta":[],"_links":{"self":[{"href":"https:\/\/www.erreelleitalia.com\/es\/wp-json\/wp\/v2\/pages\/11853"}],"collection":[{"href":"https:\/\/www.erreelleitalia.com\/es\/wp-json\/wp\/v2\/pages"}],"about":[{"href":"https:\/\/www.erreelleitalia.com\/es\/wp-json\/wp\/v2\/types\/page"}],"author":[{"embeddable":true,"href":"https:\/\/www.erreelleitalia.com\/es\/wp-json\/wp\/v2\/users\/2"}],"replies":[{"embeddable":true,"href":"https:\/\/www.erreelleitalia.com\/es\/wp-json\/wp\/v2\/comments?post=11853"}],"version-history":[{"count":0,"href":"https:\/\/www.erreelleitalia.com\/es\/wp-json\/wp\/v2\/pages\/11853\/revisions"}],"wp:attachment":[{"href":"https:\/\/www.erreelleitalia.com\/es\/wp-json\/wp\/v2\/media?parent=11853"}],"curies":[{"name":"wp","href":"https:\/\/api.w.org\/{rel}","templated":true}]}}

[vc_row type=»full_width_background» full_screen_row_position=»middle» equal_height=»yes» content_placement=»middle» bg_image=»11671&#8243; bg_position=»left top» bg_repeat=»no-repeat» scene_position=»center» text_color=»dark» text_align=»left» top_padding=»7%» bottom_padding=»7%» overlay_strength=»0.3&#8243; shape_divider_position=»bottom» shape_type=»»][vc_column column_padding=»no-extra-padding» column_padding_position=»all» background_color_opacity=»1&#8243; background_hover_color_opacity=»1&#8243; column_shadow=»none» column_border_radius=»none» width=»1/2&#8243; tablet_text_alignment=»default» phone_text_alignment=»default» column_border_width=»none» column_border_style=»solid»][image_with_animation image_url=»11915&#8243; alignment=»» animation=»Fade In» border_radius=»none» box_shadow=»x_large_depth» max_width=»100%»][/vc_column][vc_column column_padding=»padding-6-percent» column_padding_position=»all» background_color_opacity=»1&#8243; background_hover_color_opacity=»1&#8243; font_color=»#000000&#8243; column_shadow=»none» column_border_radius=»none» width=»1/2&#8243; tablet_text_alignment=»default» phone_text_alignment=»default» column_border_width=»none» column_border_style=»solid»][vc_custom_heading text=»Prestige Vita Botanictherapy» font_container=»tag:h5|text_align:left|color:rgba(10%2C0%2C0%2C0.6)» use_theme_fonts=»yes» css=».vc_custom_1547740209990{margin-bottom: 10px !important;}»][vc_custom_heading text=»Kera Phase Intensive Treatment» font_container=»tag:h2|font_size:40|text_align:left|color:%23000000|line_height:50px» use_theme_fonts=»yes»][vc_column_text css=».vc_custom_1547743132410{margin-top: 30px !important;margin-bottom: 30px !important;}»]Tratamiento de queratina, reconstructivo y relleno, actúa desde el interior reparando y rellenando el cabello. Gracias a su bajo peso molecular, penetra en el cabello y repara la fibra en profundidad. Especialmente indicado para cabello seco, quebradizo o sensibilizado por tratamientos químicos y agresiones externas (cepillo, secador de pelo, plancha, sol, viento, sal, cloro, etc.). Hace que el cabello sea más fuerte y más saludable.[/vc_column_text][divider line_type=»No Line» custom_height=»50&#8243;][vc_row_inner column_margin=»default» text_align=»left»][vc_column_inner column_padding=»no-extra-padding» column_padding_position=»all» background_color_opacity=»1&#8243; background_hover_color_opacity=»1&#8243; font_color=»#000000&#8243; column_shadow=»none» column_border_radius=»none» width=»1/2&#8243; column_border_width=»none» column_border_style=»solid»][vc_custom_heading text=»Formato» font_container=»tag:h5|text_align:left|color:rgba(0%2C0%2C0%2C0.6)» use_theme_fonts=»yes» css=».vc_custom_1544619357442{margin-bottom: 10px !important;}»]<div class="nectar-fancy-ul" data-list-icon="none" data-animation="false" data-animation-delay="0" data-color="accent-color" data-spacing="default" data-alignment="left"> 
<ul>
<li>Botella de 1000ml</li>
</ul>
 </div>[/vc_column_inner][/vc_row_inner][vc_custom_heading text=»Modo de empleo» font_container=»tag:h5|text_align:left|color:rgba(0%2C0%2C0%2C0.6)» use_theme_fonts=»yes» css=».vc_custom_1547743314589{margin-bottom: 10px !important;}»]<div class="nectar-fancy-ul" data-list-icon="none" data-animation="false" data-animation-delay="0" data-color="accent-color" data-spacing="default" data-alignment="left"> Después de lavar con el champú preparativo, frote el cabello con una toalla y divídalo en secciones. Dependiendo de la longitud del cabello, vierta una cantidad suficiente de producto en un tazón y aplíquelo con la ayuda de un cepillo, desde las raíces hasta las puntas. Dejar actuar durante un mínimo de 5 minutos. Para potenciar el efecto, dejar actuar bajo de una fuente de calor. Enjuague con cuidado y continúe con el siguiente paso. </div>[divider line_type=»No Line» custom_height=»50&#8243;][social_buttons full_width_icons=»true» nectar_love=»true» facebook=»true» google_plus=»true» linkedin=»true»][/vc_column][/vc_row]
