{"id":10515,"date":"2017-08-10T14:38:38","date_gmt":"2017-08-10T14:38:38","guid":{"rendered":"http:\/\/www.erreelleitalia.com\/brands\/glamour\/glamour-color-cream\/"},"modified":"2019-11-05T16:07:20","modified_gmt":"2019-11-05T16:07:20","slug":"glamour-color-cream","status":"publish","type":"page","link":"https:\/\/www.erreelleitalia.com\/es\/brands\/glamour\/glamour-color-cream\/","title":{"rendered":"Glamour Permanent Hair Color Cream"},"content":{"rendered":"[vc_row type=\u00bbfull_width_background\u00bb full_screen_row_position=\u00bbmiddle\u00bb equal_height=\u00bbyes\u00bb content_placement=\u00bbtop\u00bb bg_color=\u00bb#be5670&#8243; scene_position=\u00bbcenter\u00bb text_color=\u00bblight\u00bb text_align=\u00bbleft\u00bb top_padding=\u00bb7%\u00bb bottom_padding=\u00bb7%\u00bb overlay_strength=\u00bb0.3&#8243; shape_divider_position=\u00bbbottom\u00bb bg_image_animation=\u00bbnone\u00bb][vc_column column_padding=\u00bbno-extra-padding\u00bb column_padding_position=\u00bball\u00bb background_color_opacity=\u00bb1&#8243; background_hover_color_opacity=\u00bb1&#8243; column_link_target=\u00bb_self\u00bb column_shadow=\u00bbnone\u00bb column_border_radius=\u00bbnone\u00bb width=\u00bb1\/2&#8243; tablet_width_inherit=\u00bbdefault\u00bb tablet_text_alignment=\u00bbdefault\u00bb phone_text_alignment=\u00bbdefault\u00bb column_border_width=\u00bbnone\u00bb column_border_style=\u00bbsolid\u00bb bg_image_animation=\u00bbnone\u00bb][image_with_animation image_url=\u00bb8464&#8243; alignment=\u00bb\u00bb animation=\u00bbFade In\u00bb border_radius=\u00bbnone\u00bb box_shadow=\u00bbx_large_depth\u00bb max_width=\u00bb100%\u00bb][heading]\n<h3><a href=\"https:\/\/www.erreelleitalia.com\/nuanceglamour\/\">Mira Les Nuances<\/a><\/h3>\n[\/heading][\/vc_column][vc_column column_padding=\u00bbpadding-6-percent\u00bb column_padding_position=\u00bball\u00bb background_color_opacity=\u00bb1&#8243; background_hover_color_opacity=\u00bb1&#8243; column_link_target=\u00bb_self\u00bb column_shadow=\u00bbnone\u00bb column_border_radius=\u00bbnone\u00bb width=\u00bb1\/2&#8243; tablet_width_inherit=\u00bbdefault\u00bb tablet_text_alignment=\u00bbdefault\u00bb phone_text_alignment=\u00bbdefault\u00bb column_border_width=\u00bbnone\u00bb column_border_style=\u00bbsolid\u00bb bg_image_animation=\u00bbnone\u00bb][vc_custom_heading text=\u00bbGlamour Professional\u00bb font_container=\u00bbtag:h5|text_align:left|color:rgba(255%2C255%2C255%2C0.6)\u00bb use_theme_fonts=\u00bbyes\u00bb css=\u00bb.vc_custom_1502375719651{margin-bottom: 10px !important;}\u00bb][vc_custom_heading text=\u00bbColor Cream\u00bb font_container=\u00bbtag:h2|font_size:40|text_align:left|line_height:50px\u00bb use_theme_fonts=\u00bbyes\u00bb][vc_column_text css=\u00bb.vc_custom_1539857598191{margin-top: 30px !important;margin-bottom: 30px !important;}\u00bb]Su coloraci\u00f3n exclusiva con aceite de arg\u00e1n y aceite de macadamia cuyos principios activos garantizan un color rico y intenso.\u00a0 El pantenol, contenido al interior, mediante sus propiedades regenerativas y el\u00e1sticas, dana a los cabellos hidrataci\u00f3n y suavidad. La coloraci\u00f3n GLAMOUR PROFESSIONAL, formulada para prevenir la quemaz\u00f3n, las alergias y el enrojemiento, es ideal a las personas que han problemas de sensibilidad en el cuero cabelludo.<br \/>\n100% cobertura de los cabellos blancos<br \/>\n100% color m\u00e1s intenso y brillante<br \/>\n100% color m\u00e1s duradero y estable\u00a0 \u00a0 \u00a0 \u00a0 \u00a0 \u00a0 \u00a0 \u00a0 \u00a0 \u00a0 \u00a0 \u00a0 \u00a0 \u00a0 \u00a0 \u00a0 \u00a0 \u00a0 \u00a0 \u00a0 \u00a0 \u00a0 \u00a0 \u00a0 disponible en 99 coloraciones.[\/vc_column_text][vc_custom_heading text=\u00bbFormato\u00bb font_container=\u00bbtag:h5|text_align:left|color:rgba(255%2C255%2C255%2C0.6)\u00bb use_theme_fonts=\u00bbyes\u00bb css=\u00bb.vc_custom_1509384280391{margin-bottom: 10px !important;}\u00bb][vc_column_text]Confecci\u00f3n en un envase de 120 ml.[\/vc_column_text][divider line_type=\u00bbNo Line\u00bb custom_height=\u00bb30&#8243;][vc_custom_heading text=\u00bbModo de empleo\u00bb font_container=\u00bbtag:h5|text_align:left|color:rgba(255%2C255%2C255%2C0.6)\u00bb use_theme_fonts=\u00bbyes\u00bb css=\u00bb.vc_custom_1512469220711{margin-bottom: 10px !important;}\u00bb][vc_column_text]Tiene que ser mezclado con ox\u00edgeno en crema 10-20-30-40 vol\u00famenes en la proporci\u00f3n de 1:1. Tiempo de posa 30-40 min.[\/vc_column_text][divider line_type=\u00bbNo Line\u00bb custom_height=\u00bb50&#8243;][social_buttons full_width_icons=\u00bbtrue\u00bb nectar_love=\u00bbtrue\u00bb facebook=\u00bbtrue\u00bb google_plus=\u00bbtrue\u00bb linkedin=\u00bbtrue\u00bb][\/vc_column][\/vc_row][vc_row type=\u00bbin_container\u00bb full_screen_row_position=\u00bbmiddle\u00bb scene_position=\u00bbcenter\u00bb text_color=\u00bbdark\u00bb text_align=\u00bbleft\u00bb overlay_strength=\u00bb0.3&#8243; shape_divider_position=\u00bbbottom\u00bb bg_image_animation=\u00bbnone\u00bb][vc_column column_padding=\u00bbno-extra-padding\u00bb column_padding_position=\u00bball\u00bb background_color_opacity=\u00bb1&#8243; background_hover_color_opacity=\u00bb1&#8243; column_link_target=\u00bb_self\u00bb column_shadow=\u00bbnone\u00bb column_border_radius=\u00bbnone\u00bb width=\u00bb1\/1&#8243; tablet_width_inherit=\u00bbdefault\u00bb tablet_text_alignment=\u00bbdefault\u00bb phone_text_alignment=\u00bbdefault\u00bb column_border_width=\u00bbnone\u00bb column_border_style=\u00bbsolid\u00bb bg_image_animation=\u00bbnone\u00bb][\/vc_column][\/vc_row]\n","protected":false},"excerpt":{"rendered":"<p>[vc_row type=\u00bbfull_width_background\u00bb full_screen_row_position=\u00bbmiddle\u00bb equal_height=\u00bbyes\u00bb content_placement=\u00bbtop\u00bb bg_color=\u00bb#be5670&#8243; scene_position=\u00bbcenter\u00bb text_color=\u00bblight\u00bb text_align=\u00bbleft\u00bb top_padding=\u00bb7%\u00bb bottom_padding=\u00bb7%\u00bb overlay_strength=\u00bb0.3&#8243; shape_divider_position=\u00bbbottom\u00bb bg_image_animation=\u00bbnone\u00bb][vc_column column_padding=\u00bbno-extra-padding\u00bb&#8230;<\/p>\n","protected":false},"author":1,"featured_media":0,"parent":8405,"menu_order":0,"comment_status":"closed","ping_status":"closed","template":"","meta":[],"_links":{"self":[{"href":"https:\/\/www.erreelleitalia.com\/es\/wp-json\/wp\/v2\/pages\/10515"}],"collection":[{"href":"https:\/\/www.erreelleitalia.com\/es\/wp-json\/wp\/v2\/pages"}],"about":[{"href":"https:\/\/www.erreelleitalia.com\/es\/wp-json\/wp\/v2\/types\/page"}],"author":[{"embeddable":true,"href":"https:\/\/www.erreelleitalia.com\/es\/wp-json\/wp\/v2\/users\/1"}],"replies":[{"embeddable":true,"href":"https:\/\/www.erreelleitalia.com\/es\/wp-json\/wp\/v2\/comments?post=10515"}],"version-history":[{"count":0,"href":"https:\/\/www.erreelleitalia.com\/es\/wp-json\/wp\/v2\/pages\/10515\/revisions"}],"up":[{"embeddable":true,"href":"https:\/\/www.erreelleitalia.com\/es\/wp-json\/wp\/v2\/pages\/8405"}],"wp:attachment":[{"href":"https:\/\/www.erreelleitalia.com\/es\/wp-json\/wp\/v2\/media?parent=10515"}],"curies":[{"name":"wp","href":"https:\/\/api.w.org\/{rel}","templated":true}]}}

[vc_row type=»full_width_background» full_screen_row_position=»middle» equal_height=»yes» content_placement=»top» bg_color=»#be5670&#8243; scene_position=»center» text_color=»light» text_align=»left» top_padding=»7%» bottom_padding=»7%» overlay_strength=»0.3&#8243; shape_divider_position=»bottom» bg_image_animation=»none»][vc_column column_padding=»no-extra-padding» column_padding_position=»all» background_color_opacity=»1&#8243; background_hover_color_opacity=»1&#8243; column_link_target=»_self» column_shadow=»none» column_border_radius=»none» width=»1/2&#8243; tablet_width_inherit=»default» tablet_text_alignment=»default» phone_text_alignment=»default» column_border_width=»none» column_border_style=»solid» bg_image_animation=»none»][image_with_animation image_url=»8464&#8243; alignment=»» animation=»Fade In» border_radius=»none» box_shadow=»x_large_depth» max_width=»100%»][heading]
<h3><a href="https://www.erreelleitalia.com/nuanceglamour/">Mira Les Nuances</a></h3>
[/heading][/vc_column][vc_column column_padding=»padding-6-percent» column_padding_position=»all» background_color_opacity=»1&#8243; background_hover_color_opacity=»1&#8243; column_link_target=»_self» column_shadow=»none» column_border_radius=»none» width=»1/2&#8243; tablet_width_inherit=»default» tablet_text_alignment=»default» phone_text_alignment=»default» column_border_width=»none» column_border_style=»solid» bg_image_animation=»none»][vc_custom_heading text=»Glamour Professional» font_container=»tag:h5|text_align:left|color:rgba(255%2C255%2C255%2C0.6)» use_theme_fonts=»yes» css=».vc_custom_1502375719651{margin-bottom: 10px !important;}»][vc_custom_heading text=»Color Cream» font_container=»tag:h2|font_size:40|text_align:left|line_height:50px» use_theme_fonts=»yes»][vc_column_text css=».vc_custom_1539857598191{margin-top: 30px !important;margin-bottom: 30px !important;}»]Su coloración exclusiva con aceite de argán y aceite de macadamia cuyos principios activos garantizan un color rico y intenso.  El pantenol, contenido al interior, mediante sus propiedades regenerativas y elásticas, dana a los cabellos hidratación y suavidad. La coloración GLAMOUR PROFESSIONAL, formulada para prevenir la quemazón, las alergias y el enrojemiento, es ideal a las personas que han problemas de sensibilidad en el cuero cabelludo.<br />
100% cobertura de los cabellos blancos<br />
100% color más intenso y brillante<br />
100% color más duradero y estable                                                disponible en 99 coloraciones.[/vc_column_text][vc_custom_heading text=»Formato» font_container=»tag:h5|text_align:left|color:rgba(255%2C255%2C255%2C0.6)» use_theme_fonts=»yes» css=».vc_custom_1509384280391{margin-bottom: 10px !important;}»][vc_column_text]Confección en un envase de 120 ml.[/vc_column_text][divider line_type=»No Line» custom_height=»30&#8243;][vc_custom_heading text=»Modo de empleo» font_container=»tag:h5|text_align:left|color:rgba(255%2C255%2C255%2C0.6)» use_theme_fonts=»yes» css=».vc_custom_1512469220711{margin-bottom: 10px !important;}»][vc_column_text]Tiene que ser mezclado con oxígeno en crema 10-20-30-40 volúmenes en la proporción de 1:1. Tiempo de posa 30-40 min.[/vc_column_text][divider line_type=»No Line» custom_height=»50&#8243;][social_buttons full_width_icons=»true» nectar_love=»true» facebook=»true» google_plus=»true» linkedin=»true»][/vc_column][/vc_row][vc_row type=»in_container» full_screen_row_position=»middle» scene_position=»center» text_color=»dark» text_align=»left» overlay_strength=»0.3&#8243; shape_divider_position=»bottom» bg_image_animation=»none»][vc_column column_padding=»no-extra-padding» column_padding_position=»all» background_color_opacity=»1&#8243; background_hover_color_opacity=»1&#8243; column_link_target=»_self» column_shadow=»none» column_border_radius=»none» width=»1/1&#8243; tablet_width_inherit=»default» tablet_text_alignment=»default» phone_text_alignment=»default» column_border_width=»none» column_border_style=»solid» bg_image_animation=»none»][/vc_column][/vc_row]
